ltiple of 170?
False
Is 61 a factor of 610?
True
Is 6996 a multiple of 53?
True
Does 5 divide 3920?
True
Is 9945 a multiple of 17?
True
Is 15 a factor of 601?
False
Does 110 divide 24749?
False
Is 16275 a multiple of 21?
True
Is 86 a multiple of 4?
False
Is 14 a factor of 1262?
False
Does 23 divide 512?
False
Is 990 a multiple of 3?
True
Is 15357 a multiple of 11?
False
Does 28 divide 723?
False
Is 20 a multiple of 5?
True
Is 33 a factor of 5302?
False
Does 13 divide 764?
False
Is 944 a multiple of 59?
True
Is 24192 a multiple of 126?
True
Is 7 a factor of 9005?
False
Does 38 divide 3234?
False
Is 433 a multiple of 19?
False
Is 1328 a multiple of 16?
True
Does 34 divide 19768?
False
Does 13 divide 1599?
True
Does 29 divide 845?
False
Is 18 a factor of 378?
True
Is 2088 a multiple of 8?
True
Does 17 divide 1479?
True
Does 28 divide 1262?
False
Does 115 divide 17250?
True
Is 18 a factor of 4628?
False
Does 85 divide 20145?
True
Is 64814 a multiple of 9?
False
Is 8 a factor of 9470?
False
Is 247 a factor of 98059?
True
Does 26 divide 261?
False
Does 23 divide 13938?
True
Is 91732 a multiple of 34?
True
Does 27 divide 16983?
True
Does 5 divide 2399?
False
Is 1957 a multiple of 17?
False
Is 43760 a multiple of 194?
False
Does 15 divide 21975?
True
Is 28 a factor of 53881?
False
Is 882 a multiple of 37?
False
Is 14 a factor of 980?
True
Is 90 a multiple of 15?
True
Is 7018 a multiple of 32?
False
Does 35 divide 3010?
True
Does 44 divide 15884?
True
Does 19 divide 2147?
True
Is 42 a factor of 53434?
False
Is 1190 a multiple of 30?
False
Is 451 a multiple of 41?
True
Is 5538 a multiple of 71?
True
Is 5 a factor of 815?
True
Does 20 divide 1703?
False
Is 46 a factor of 552?
True
Does 23 divide 552?
True
Is 15 a factor of 14129?
False
Is 6840 a multiple of 8?
True
Does 86 divide 1204?
True
Does 25 divide 250?
True
Is 22 a factor of 37456?
False
Does 5 divide 1344?
False
Does 44 divide 51656?
True
Does 10 divide 327?
False
Is 15537 a multiple of 9?
False
Is 53 a factor of 2014?
True
Does 9 divide 576?
True
Is 4415 a multiple of 19?
False
Is 60 a factor of 4052?
False
Is 95 a factor of 1241?
False
Is 32 a multiple of 4?
True
Does 63 divide 315?
True
Does 8 divide 240?
True
Is 485 even?
False
Is 89443 a multiple of 63?
False
Is 305 a multiple of 15?
False
Does 4 divide 10501?
False
Is 27 a factor of 788?
False
Is 1197 a multiple of 7?
True
Is 46 a multiple of 16?
False
Is 1300 a multiple of 50?
True
Is 381 a multiple of 10?
False
Does 19 divide 9098?
False
Is 64 a factor of 512?
True
Is 143 a factor of 2574?
True
Is 9 a factor of 1044?
True
Is 20487 a multiple of 5?
False
Is 7 a factor of 112?
True
Is 160 even?
True
Is 13662 a multiple of 13?
False
Is 11232 a multiple of 39?
True
Does 18 divide 1638?
True
Is 32015 a multiple of 87?
False
Is 6302 a multiple of 17?
False
Is 10528 a multiple of 28?
True
Is 938 a multiple of 67?
True
Is 23 a factor of 16445?
True
Does 16 divide 304?
True
Does 117 divide 16406?
False
Is 37 a factor of 8970?
False
Is 5183 a multiple of 26?
False
Is 9 a factor of 35817?
False
Is 684 a multiple of 38?
True
Is 14 a factor of 984?
False
Is 1764 a multiple of 21?
True
Does 19 divide 6214?
False
Is 33732 a multiple of 245?
False
Does 64 divide 4049?
False
Does 62 divide 1646?
False
Is 87 a multiple of 29?
True
Does 35 divide 630?
True
Does 16 divide 848?
True
Is 3275 a multiple of 25?
True
Is 2 a factor of 11369?
False
Is 26 a factor of 3016?
True
Is 2140 a multiple of 20?
True
Is 17 a factor of 352?
False
Is 28 a multiple of 7?
True
Is 66 a factor of 12780?
False
Is 27 a factor of 27?
True
Is 43 a factor of 8653?
False
Does 12 divide 6864?
True
Is 1266 a multiple of 6?
True
Is 16 a factor of 13824?
True
Does 12 divide 1164?
True
Is 6 a factor of 34096?
False
Is 25905 a multiple of 19?
False
Is 57728 a multiple of 11?
True
Is 74 a factor of 307?
False
Is 13 a factor of 776?
False
Is 16 a factor of 9600?
True
Is 150 a factor of 28200?
True
Is 8 a factor of 2083?
False
Is 1575 a multiple of 7?
True
Is 21606 a multiple of 6?
True
Does 20 divide 5296?
False
Is 8 a factor of 712?
True
Is 24 a factor of 1440?
True
Does 35 divide 6545?
True
Is 6706 a multiple of 49?
False
Is 8 a factor of 14?
False
Is 43 a factor of 356?
False
Is 38 a factor of 2774?
True
Is 1008 a multiple of 18?
True
Is 4720 a multiple of 16?
True
Does 101 divide 395?
False
Is 15 a factor of 4845?
True
Is 51912 a multiple of 8?
True
Does 23 divide 3792?
False
Is 26 a factor of 1118?
True
Is 9078 a multiple of 89?
True
Is 69 a factor of 2815?
False
Is 8088 a multiple of 12?
True
Is 43 a factor of 1763?
True
Is 244 a factor of 16104?
True
Does 68 divide 104924?
True
Does 5 divide 3070?
True
Is 69 a factor of 169?
False
Does 14 divide 55890?
False
Is 11 a factor of 31592?
True
Does 6 divide 12715?
False
Is 64 a factor of 125?
False
Is 34847 a multiple of 275?
False
Is 39088 a multiple of 112?
True
Is 4464 a multiple of 62?
True
Is 8414 a multiple of 15?
False
Does 7 divide 67?
False
Does 166 divide 55278?
True
Is 24 a factor of 5856?
True
Is 66 a factor of 3498?
True
Does 31 divide 864?
False
Does 18 divide 2250?
True
Is 12238 a multiple of 16?
False
Is 5 a factor of 2907?
False
Does 4 divide 831?
False
Is 17 a factor of 1394?
True
Is 1248 a multiple of 13?
True
Is 551 a multiple of 29?
True
Does 40 divide 1894?
False
Is 1360 a multiple of 29?
False
Does 16 divide 2205?
False
Is 74 a factor of 27863?
False
Is 13803 a multiple of 22?
False
Does 86 divide 4730?
True
Does 248 divide 22454?
False
Does 24 divide 2949?
False
Is 180 a multiple of 9?
True
Is 6528 a multiple of 272?
True
Is 13 a factor of 793?
True
Is 135 a factor of 2160?
True
Is 23698 a multiple of 41?
True
Is 2700 a multiple of 6?
True
Is 43 a factor of 3225?
True
Does 43 divide 729?
False
Does 46 divide 109036?
False
Does 131 divide 13655?
False
Is 24 a factor of 18066?
False
Does 76 divide 2204?
True
Is 16 a multiple of 4?
True
Is 139 a factor of 121625?
True
Does 16 divide 1344?
True
Is 11716 a multiple of 101?
True
Does 6 divide 2595?
False
Is 577 a multiple of 12?
False
Does 34 divide 3094?
True
Does 29 divide 70528?
True
Does 70 divide 244?
False
Does 13 divide 416?
True
Is 5501 a multiple of 10?
False
Does 38 divide 14131?
False
Does 2 divide 3113?
False
Does 6 divide 3750?
True
Does 80 divide 1760?
True
Does 184 divide 39192?
True
Does 15 divide 530?
False
Is 11 a factor of 177?
False
Does 11 divide 10140?
False
Is 7 a factor of 436?
False
Does 57 divide 8664?
True
Is 8 a factor of 284?
False
Is 50 a factor of 8850?
True
Is 4977 a multiple of 21?
True
Is 427 a multiple of 61?
True
Is 176 a factor of 32912?
True
Does 21 divide 122?
False
Is 29 a factor of 68251?
False
Does 8 divide 680?
True
Does 19 divide 3084?
False
Is 19 a factor of 40532?
False
Is 195 a multiple of 13?
True
Is 15731 a multiple of 3?
False
Is 785 a multiple of 5?
True
Does 6 divide 441?
False
Is 29 a factor of 406?
True
Is 10 a factor of 7280?
True
Is 84 a factor of 4872?
True
Is 18656 a multiple of 44?
True
Does 13 divide 416?
True
Does 95 divide 11653?
False
Is 17 a factor of 8296?
True
Is 2373 a multiple of 21?
True
Is 69 a factor of 5037?
True
Does 47 divide 1598?
True
Does 36 divide 1972?
False
Is 38 a factor of 10450?
True
Is 715 a multiple of 13?
True
Is 1020 a multiple of 12?
True
Does 26 divide 2444?
True
Does 15 divide 375?
True
Does 79 divide 11534?
True
Is 120 a factor of 2223?
False
Does 6 divide 7206?
True
Is 23 a factor of 345?
True
Is 4230 a multiple of 15?
True
Is 41667 a multiple of 51?
True
Is 154670 a multiple of 409?
False
Is 129 a factor of 39943?
False
Is 68 a factor of 1292?
True
Is 10 a factor of 103?
False
Does 19 divide 4237?
True
Is 240 a multiple of 19?
False
Does 7 divide 2009?
True
Is 1524 a multiple of 6?
True
Does 10 divide 1538?
False
Does 10 divide 260?
True
Is 9 a factor of 653?
False
Is 840 a multiple of 21?
True
Does 77 divide 3696?
True
Does 17 divide 51?
True
Does 6 divide 2096?
False
Is 7 a factor of 23929?
False
Does 75 divide 14036?
False
Is 144 a factor of 18838?
False
Is 3 a factor of 470?
False
Is 8 a factor of 1095?
False
Is 5062 a multiple of 16?
False
Does 59 divide 1186?
False
Does 5 divide 886?
False
Does 5 divide 155?
True
Is 34 a factor of 1156?
True
Is 30 a factor of 6443?
False
D